{"id":8,"date":"2026-02-11T16:44:37","date_gmt":"2026-02-11T16:44:37","guid":{"rendered":"https:\/\/oceanevalcke.fr\/?page_id=8"},"modified":"2026-02-11T16:45:32","modified_gmt":"2026-02-11T16:45:32","slug":"8-2","status":"publish","type":"page","link":"https:\/\/oceanevalcke.fr\/index.php\/8-2\/","title":{"rendered":"Note d&rsquo;intention"},"content":{"rendered":"\n<p>L\u2019image et le son sont aujourd\u2019hui indissociables dans les espaces de la musique \u00e9lectronique. Dans un club, un festival ou une rave party<sup>1<\/sup>, l\u2019\u00e9cran n\u2019est plus-un simple fond visuel, il devient un instrument \u00e0 part enti\u00e8re, manipul\u00e9 en direct, au m\u00eame titre que la table de mixage. C\u2019est dans cette combinaison entre le visuel, le sonore et le v\u00e9cu corporel que se situe ma recherche. Elle analyse comment le VJing (<em>Vid\u00e9o Jockeying, <\/em>projection et mixage vid\u00e9o en direct) cr\u00e9e une exp\u00e9rience immersive, plongeant le spectateur dans un univers visuel et sonore, dans le contexte de la musique \u00e9lectronique.<\/p>\n\n\n\n<p>En observant les performances de VJs et d\u2019artistes audiovisuels contemporains comme Ryoji Ikeda, il est ind\u00e9gniable que le public n\u2019assiste pas \u00e0 une simple projection visuelle, mais \u00e0 une exp\u00e9rience sensorielle o\u00f9 le temps, la lumi\u00e8re et le son se confondent. Cette id\u00e9e d\u2019immersion rejoint la r\u00e9flexion de Jonathan Weinel, un artiste, chercheur et \u00e9crivain sp\u00e9cialis\u00e9 dans les croisement entre la musique \u00e9lectronique, les \u00e9tats modifi\u00e9s de conscience et les technologies immersives, pour qui le VJing g\u00e9n\u00e8re de v\u00e9ritables \u00ab \u00e9tats alt\u00e9r\u00e9s de conscience \u00bb, en jouant sur la r\u00e9p\u00e9tition, les flux lumineux et les images data-driven<sup>2<\/sup>. Dans cette esth\u00e9tique d\u00e9fini comme de la d\u00e9r\u00e9alisation<sup>3<\/sup>, l\u2019objectif n\u2019est pas de raconter une histoire, mais d\u2019immerger le spectateur dans une perception amplifi\u00e9e.<\/p>\n\n\n\n<figure class=\"wp-block-video aligncenter\"><video height=\"720\" style=\"aspect-ratio: 960 \/ 720;\" width=\"960\" autoplay controls loop muted poster=\"http:\/\/oceanevalcke.fr\/wp-content\/uploads\/2026\/02\/datamatrix.png\" src=\"http:\/\/oceanevalcke.fr\/wp-content\/uploads\/2026\/02\/ryoji-ikeda.mp4.mp4\" playsinline><\/video><figcaption class=\"wp-element-caption\"><em>Datamatics [ver.2.0] &#8211; <\/em><em>Ryoji Ikeda &#8211; 2006<\/em><\/figcaption><\/figure>\n\n\n\n<p>L\u2019\u00e9tude du VJing ne peut pas se d\u00e9tacher de son h\u00e9ritage. Comme le montre Thom Holmes, un historien de la musique, compositeur et \u00e9crivain dans son livre <em>Electronic and Experimental Music<\/em> (2002)<sup>4<\/sup>, il observe que la musique \u00e9lectronique, d\u00e8s ses d\u00e9buts, a ouvert un champ d\u2019exp\u00e9rimentation sonore fond\u00e9 sur l\u2019abstraction, la r\u00e9p\u00e9tition et l\u2019improvisation. Le VJing transpose cette d\u00e9marche dans le domaine de l\u2019image. L\u2019\u00e9cran devient alors un espace d\u2019exp\u00e9rimentation visuelle, un grand terrain de jeu pour les formes minimalistes, les g\u00e9om\u00e9tries mouvantes et les data-driven (flux g\u00e9n\u00e9r\u00e9s par des algorithmes). Ce lien entre art (qui d\u00e9signe ici la dimension esth\u00e9tique et cr\u00e9ative du VJing, en tant que pratique visuelle et expressive s\u2019inscrivant dans la continuit\u00e9 des arts num\u00e9riques et audiovisuels, plut\u00f4t que comme une simple illustration technique de la musique) et performance visuelle fait du VJing un prolongement de la r\u00e9volution \u00e9lectronique des ann\u00e9es 1980\u20131990, marqu\u00e9e par l\u2019essor des synth\u00e9tiseurs, des bo\u00eetes \u00e0 rythmes et de la culture rave, le VJing appara\u00eet comme un prolongement visuel de cette transformation, et une mani\u00e8re de rendre visible la mati\u00e8re sonore.<\/p>\n\n\n\n<p>Mais cette pratique ne se limite pas juste \u00e0 un accompagnement graphique, elle est profond\u00e9ment sc\u00e9nique et expressive. Jonathan Hook, chercheur en interaction homme-machine (IHM), sp\u00e9cialis\u00e9 dans la conception de technologies interactives, insiste sur le fait que les VJs cherchent \u00e0 rendre leur interaction avec la machine visible, voire presque chor\u00e9graphique afin que le spectateur puisse le remarquer. L\u2019\u00e9cran devient alors une interface partag\u00e9e entre le geste humain et la logique num\u00e9rique. Cette m\u00e9thode hybride entre l\u2019artiste, la machine et le public cr\u00e9e une esth\u00e9tique du live, o\u00f9 la spontan\u00e9it\u00e9 et l\u2019improvisation surpassent la narration \u00e9crite au pr\u00e9alable car le rendu r\u00e9sulte de l\u2019al\u00e9atoire. Comme dans la musique \u00e9lectronique, le visuel na\u00eet de l\u2019instant perform\u00e9.<\/p>\n\n\n\n<p>Pour comprendre ce m\u00e9lange du visuel et du sonore, il est essentiel de replacer le VJing dans l\u2019histoire des <em>live visuals<\/em>. Dans leur ouvrage <em>Live Visuals : History, Theory, Practice<\/em> (2023)<sup>5<\/sup>, Steve Gibson et ses collaborateurs rappellent que ces pratiques s\u2019enracinent dans une longue tradition, allant des orgues lumineux du XVIII\u1d49 si\u00e8cle aux spectacles psych\u00e9d\u00e9liques des ann\u00e9es 1960 (ex. The Jimmy Hendrix Experience 1968, concert accompagn\u00e9 de liquid light show). Le VJing h\u00e9rite de cette qu\u00eate de rendre la musique visible. Il engage le spectateur dans un espace o\u00f9 les fronti\u00e8res entre image et son, r\u00e9el et virtuel, s\u2019amoindrissent et le spectateur n\u2019est plus observateur, mais un participant, immerg\u00e9 dans un flux de sensations diverses.<\/p>\n\n\n\n<p>C\u2019est cette dimension participative entre le code informatique, le son et l\u2019humain qui est indissociable du langage des nouveaux m\u00e9dias d\u00e9crit par Lev Manovich<sup>6<\/sup> artiste, auteur et th\u00e9oricien de la culture num\u00e9rique. Selon lui, les m\u00e9dias num\u00e9riques reposent sur des principes de modularit\u00e9, d\u2019automatisation et de variabilit\u00e9, qui transforment la cr\u00e9ation artistique. Le VJing illustre parfaitement cette logique car chaque performance est une combinaison de modules visuels et sonores, qui sont g\u00e9n\u00e9r\u00e9s, manipul\u00e9s et reconfigur\u00e9s en direct. Ce processus cr\u00e9e une \u00ab \u0153uvre ouverte \u00bb, qui est toujours changeante, et o\u00f9 le public assiste \u00e0 une production continue plut\u00f4t qu\u2019\u00e0 une \u0153uvre fig\u00e9e comme un tableau. L\u2019\u00e9cran devient donc un espace interactif, entre le code informatique et la perception visuelle.<\/p>\n\n\n\n<p>Mon article s\u2019articule donc autour de la probl\u00e9matique suivante&nbsp; :&nbsp;<\/p>\n\n\n\n<p><strong>En quoi le VJing participe-t-il \u00e0 la cr\u00e9ation d\u2019une exp\u00e9rience immersive et d\u2019une esth\u00e9tique propre \u00e0 la musique \u00e9lectronique ?<\/strong><\/p>\n\n\n\n<p><strong><br><\/strong>Dans cette probl\u00e9matique se d\u00e9ploient plusieurs interrogations : comment la fusion entre image et son r\u00e9invente-t-elle la performance musicale ? Quelles formes d\u2019interaction entre humain et machine \u00e9mergent de cette pratique ? Comment le num\u00e9rique influence-t-il notre mani\u00e8re de percevoir la musique et de la &nbsp;\u00ab voir \u00bb autant qu\u2019\u00e0 les entendre (sous forme d\u2019images, de lumi\u00e8res, de mouvements visuels synchronis\u00e9s au son) ? Comment les contraintes techniques et les possibilit\u00e9s offertes par les outils num\u00e9riques influencent-elles la cr\u00e9ativit\u00e9 et l\u2019esth\u00e9tique visuelle en temps r\u00e9el ?<\/p>\n\n\n\n<p>L\u2019objectif de cet article est de comprendre comment le VJing, qui est loin d\u2019\u00eatre un simple habillage visuel, devient un langage sensoriel qui prolonge le son dans la lumi\u00e8re. En m\u2019appuyant sur diff\u00e9rents travaux, j\u2019analyserai le VJing comme une pratique esth\u00e9tique, technologique et exp\u00e9rientielle, capable de transformer notre rapport \u00e0 la sc\u00e8ne, au rythme et \u00e0 la pr\u00e9sence, qu\u2019elle soit celle du performeur, du spectateur ou celle plus diffuse, qui \u00e9merge de la relation entre l\u2019humain et la machine.<\/p>\n\n\n\n<p>Cette recherche pourrait \u00e0 terme nourrir une <strong>id\u00e9e projet<\/strong> encore \u00e0 d\u00e9finir, visant \u00e0 explorer cette relation entre le sonore et le visuel dans un cadre performatif ou analytique. Ce projet permettrait de prolonger la r\u00e9flexion th\u00e9orique par une approche sensible et exp\u00e9rimentale, fid\u00e8le \u00e0 l\u2019esprit du VJing : celui d\u2019un art vivant, en constante mutation, o\u00f9 le son et l\u2019image fusionnent pour inventer de nouvelles formes d\u2019immersion collective.<\/p>\n\n\n\n<p><\/p>\n","protected":false},"excerpt":{"rendered":"<p>L\u2019image et le son sont aujourd\u2019hui indissociables dans les espaces de la musique \u00e9lectronique. Dans un club, un festival ou une rave party1, l\u2019\u00e9cran n\u2019est plus-un simple fond visuel, il devient un instrument \u00e0 part enti\u00e8re, manipul\u00e9 en direct, au m\u00eame titre que la table de mixage. C\u2019est dans cette combinaison entre le visuel, le &hellip; <\/p>\n<p class=\"link-more\"><a href=\"https:\/\/oceanevalcke.fr\/index.php\/8-2\/\" class=\"more-link\">Continuer la lecture<span class=\"screen-reader-text\"> de &laquo;&nbsp;Note d&rsquo;intention&nbsp;&raquo;<\/span><\/a><\/p>\n","protected":false},"author":1,"featured_media":0,"parent":0,"menu_order":0,"comment_status":"closed","ping_status":"closed","template":"","meta":{"footnotes":""},"class_list":["post-8","page","type-page","status-publish","hentry"],"_links":{"self":[{"href":"https:\/\/oceanevalcke.fr\/index.php\/wp-json\/wp\/v2\/pages\/8","targetHints":{"allow":["GET"]}}],"collection":[{"href":"https:\/\/oceanevalcke.fr\/index.php\/wp-json\/wp\/v2\/pages"}],"about":[{"href":"https:\/\/oceanevalcke.fr\/index.php\/wp-json\/wp\/v2\/types\/page"}],"author":[{"embeddable":true,"href":"https:\/\/oceanevalcke.fr\/index.php\/wp-json\/wp\/v2\/users\/1"}],"replies":[{"embeddable":true,"href":"https:\/\/oceanevalcke.fr\/index.php\/wp-json\/wp\/v2\/comments?post=8"}],"version-history":[{"count":17,"href":"https:\/\/oceanevalcke.fr\/index.php\/wp-json\/wp\/v2\/pages\/8\/revisions"}],"predecessor-version":[{"id":72,"href":"https:\/\/oceanevalcke.fr\/index.php\/wp-json\/wp\/v2\/pages\/8\/revisions\/72"}],"wp:attachment":[{"href":"https:\/\/oceanevalcke.fr\/index.php\/wp-json\/wp\/v2\/media?parent=8"}],"curies":[{"name":"wp","href":"https:\/\/api.w.org\/{rel}","templated":true}]}}